{"id":26,"date":"2014-07-23T17:30:32","date_gmt":"2014-07-23T17:30:32","guid":{"rendered":"http:\/\/ufla.br\/calouros\/?page_id=26"},"modified":"2025-03-12T16:12:01","modified_gmt":"2025-03-12T19:12:01","slug":"moradia","status":"publish","type":"page","link":"https:\/\/ufla.br\/calouros\/morando-em-lavras\/moradia\/","title":{"rendered":"Moradia"},"content":{"rendered":"<div class=\"su-tabs su-tabs-style-default su-tabs-mobile-stack my-custom-tabs\" data-active=\"1\" data-scroll-offset=\"0\" data-anchor-in-url=\"no\"><div class=\"su-tabs-nav\"><span class=\"\" data-url=\"\" data-target=\"blank\" tabindex=\"0\" role=\"button\">Imobili\u00e1rias<\/span><span class=\"\" data-url=\"\" data-target=\"blank\" tabindex=\"0\" role=\"button\">Rep\u00fablicas<\/span><span class=\"\" data-url=\"\" data-target=\"blank\" tabindex=\"0\" role=\"button\">Alojamento Estudantil UFLA<\/span><\/div><div class=\"su-tabs-panes\"><div class=\"su-tabs-pane su-u-clearfix su-u-trim\" data-title=\"Imobili\u00e1rias\">\n<h2>Imobili\u00e1rias<\/h2>\n<p>Para encontrar um im\u00f3vel que se enquadre em suas exig\u00eancias, bem como para obter orienta\u00e7\u00f5es sobre bons locais, tamb\u00e9m \u00e9 poss\u00edvel entrar em contato com as imobili\u00e1rias lavrenses.<\/p>\n<\/div>\n<div class=\"su-tabs-pane su-u-clearfix su-u-trim\" data-title=\"Rep\u00fablicas\">\n<h2>Morar UFLA<\/h2>\n<p><a href=\"http:\/\/ufla.br\/calouros\/wp-content\/uploads\/2014\/07\/morar.jpg\"><img loading=\"lazy\" decoding=\"async\" class=\"alignright wp-image-385 size-medium\" src=\"http:\/\/ufla.br\/calouros\/wp-content\/uploads\/2014\/07\/morar-300x212.jpg\" alt=\"morar\" width=\"300\" height=\"212\" srcset=\"https:\/\/ufla.br\/calouros\/wp-content\/uploads\/2014\/07\/morar-300x212.jpg 300w, https:\/\/ufla.br\/calouros\/wp-content\/uploads\/2014\/07\/morar.jpg 448w\" sizes=\"auto, (max-width: 300px) 100vw, 300px\" \/><\/a>Conselho de Rep\u00fablicas<br \/>\nO Conselho de Rep\u00fablicas da Universidade Federal de Lavras (UFLA) \u00e9 um \u00f3rg\u00e3o representativo das rep\u00fablicas estudantis, fundado em 2010. Seu objetivo principal \u00e9 promover a defesa dos interesses das rep\u00fablicas e o desenvolvimento cultural, social e esportivo de seus membros.<br \/>\nAtualmente, o Conselho \u00e9 composto por 22 rep\u00fablicas associadas, incluindo rep\u00fablicas masculinas e femininas. Al\u00e9m de suas fun\u00e7\u00f5es representativas, o Conselho realiza projetos sociais no munic\u00edpio de Lavras, como doa\u00e7\u00f5es a entidades que cuidam de animais abandonados, doa\u00e7\u00f5es de cestas b\u00e1sicas a asilos e orfanatos, e campanhas do agasalho.<br \/>\nO Conselho tamb\u00e9m mant\u00e9m presen\u00e7a ativa nas redes sociais, compartilhando informa\u00e7\u00f5es e atualiza\u00e7\u00f5es sobre suas atividades. \u200b<a href=\"https:\/\/instagram.com\/uflabr\" target=\"_blank\" rel=\"noopener noreferrer\">https:\/\/instagram.com\/uflabr<\/a><\/p>\n<\/div>\n<div class=\"su-tabs-pane su-u-clearfix su-u-trim\" data-title=\"Alojamento Estudantil UFLA\">\n<h2>Moradia Estudantil<\/h2>\n<p><a href=\"http:\/\/ufla.br\/calouros\/wp-content\/uploads\/2014\/07\/fotos.jpg\"><img loading=\"lazy\" decoding=\"async\" class=\"alignright wp-image-389 size-medium\" src=\"http:\/\/ufla.br\/calouros\/wp-content\/uploads\/2014\/07\/fotos-300x218.jpg\" alt=\"fotos\" width=\"300\" height=\"218\" srcset=\"https:\/\/ufla.br\/calouros\/wp-content\/uploads\/2014\/07\/fotos-300x218.jpg 300w, https:\/\/ufla.br\/calouros\/wp-content\/uploads\/2014\/07\/fotos.jpg 483w\" sizes=\"auto, (max-width: 300px) 100vw, 300px\" \/><\/a>O Programa de Moradia Estudantil da UFLA \u00e9 uma iniciativa voltada para oferecer suporte a estudantes em situa\u00e7\u00e3o de vulnerabilidade socioecon\u00f4mica, garantindo condi\u00e7\u00f5es adequadas para sua perman\u00eancia na universidade. Destina-se a estudantes de ambos os sexos, matriculados em cursos presenciais de gradua\u00e7\u00e3o e programas de p\u00f3s-gradua\u00e7\u00e3o da institui\u00e7\u00e3o, e que atendam aos crit\u00e9rios de avalia\u00e7\u00e3o socioecon\u00f4mica estabelecidos pela Pr\u00f3-Reitoria de Assist\u00eancia Estudantil e Comunit\u00e1ria (PRAPE). O programa disponibiliza vagas em alojamentos no C\u00e2mpus Lavras, proporcionando um ambiente que favorece a integra\u00e7\u00e3o acad\u00eamica e a qualidade de vida. Al\u00e9m da moradia, os benefici\u00e1rios contam com acompanhamento da equipe de assist\u00eancia estudantil, refor\u00e7ando o compromisso da UFLA com a equidade no ensino superior e a inclus\u00e3o social.<br \/>\n<a href=\"_wp_link_placeholder\" data-wplink-edit=\"true\">Confira as informa\u00e7\u00f5es do Programa de Moradia Estudantil<\/a>.<\/p>\n<\/div><\/div><\/div>\n<!-- AddThis Advanced Settings generic via filter on the_content --><!-- AddThis Share Buttons generic via filter on the_content -->","protected":false},"excerpt":{"rendered":"<p><!-- AddThis Advanced Settings generic via filter on get_the_excerpt --><!-- AddThis Share Buttons generic via filter on get_the_excerpt --><\/p>\n","protected":false},"author":2,"featured_media":0,"parent":10,"menu_order":0,"comment_status":"closed","ping_status":"closed","template":"","meta":{"footnotes":""},"class_list":["post-26","page","type-page","status-publish","hentry"],"_links":{"self":[{"href":"https:\/\/ufla.br\/calouros\/wp-json\/wp\/v2\/pages\/26","targetHints":{"allow":["GET"]}}],"collection":[{"href":"https:\/\/ufla.br\/calouros\/wp-json\/wp\/v2\/pages"}],"about":[{"href":"https:\/\/ufla.br\/calouros\/wp-json\/wp\/v2\/types\/page"}],"author":[{"embeddable":true,"href":"https:\/\/ufla.br\/calouros\/wp-json\/wp\/v2\/users\/2"}],"replies":[{"embeddable":true,"href":"https:\/\/ufla.br\/calouros\/wp-json\/wp\/v2\/comments?post=26"}],"version-history":[{"count":30,"href":"https:\/\/ufla.br\/calouros\/wp-json\/wp\/v2\/pages\/26\/revisions"}],"predecessor-version":[{"id":2235,"href":"https:\/\/ufla.br\/calouros\/wp-json\/wp\/v2\/pages\/26\/revisions\/2235"}],"up":[{"embeddable":true,"href":"https:\/\/ufla.br\/calouros\/wp-json\/wp\/v2\/pages\/10"}],"wp:attachment":[{"href":"https:\/\/ufla.br\/calouros\/wp-json\/wp\/v2\/media?parent=26"}],"curies":[{"name":"wp","href":"https:\/\/api.w.org\/{rel}","templated":true}]}}