{"id":42,"date":"2014-07-23T17:38:06","date_gmt":"2014-07-23T17:38:06","guid":{"rendered":"http:\/\/ufla.br\/calouros\/?page_id=42"},"modified":"2020-09-14T07:48:58","modified_gmt":"2020-09-14T10:48:58","slug":"matricula","status":"publish","type":"page","link":"https:\/\/ufla.br\/calouros\/vivendo-na-ufla\/matricula\/","title":{"rendered":"Matr\u00edcula"},"content":{"rendered":"<p>Para ingresso na UFLA, o candidato convocado deve ir ao site da <a href=\"http:\/\/www.drca.ufla.br\/\" target=\"_blank\" rel=\"noopener\">Diretoria de Registro e Controle Acad\u00eamico (DRCA)<\/a> e, no menu \u201cCalouros\u201d, ler atentamente o documento de Instru\u00e7\u00e3o de Matr\u00edcula referente ao seu caso (SiSU ou PAS; Ampla Concorr\u00eancia ou Vagas Reservadas).<\/p>\n<p>Na instru\u00e7\u00e3o de matr\u00edcula, estar\u00e1 definido o prazo e a lista de documentos necess\u00e1rios que dever\u00e3o ser enviados ou entregues \u00e0 DRCA, para efetiva\u00e7\u00e3o da matr\u00edcula. Entre os documentos, est\u00e1 a ficha-cadastro. Depois de fazer a matr\u00edcula, \u00e9 poss\u00edvel acompanhar, pelo mesmo site em que a ficha-cadastro \u00e9 preenchida, a situa\u00e7\u00e3o da documenta\u00e7\u00e3o ap\u00f3s a entrega, para certificar-se de que os procedimentos foram feitos corretamente.<\/p>\n<p><strong>Eu monto meu pr\u00f3prio hor\u00e1rio de aula?<\/strong><\/p>\n<p>O hor\u00e1rio de aulas para os calouros \u00e9 feito automaticamente pelo sistema. A partir do segundo per\u00edodo, para renova\u00e7\u00e3o de matr\u00edcula e solicita\u00e7\u00e3o de componentes curriculares, \u00e9 necess\u00e1rio que voc\u00ea acesse o <a href=\"https:\/\/sig.ufla.br\/modulos\/login\/index.php\">Sistema Integrado de Gest\u00e3o (SIG)<\/a>.<\/p>\n<p>Os ingressantes que apresentarem percentual de curso conclu\u00eddo maior que zero ter\u00e3o oportunidade de solicitar matr\u00edcula em componentes curriculares, desde que existam vagas remanescentes,\u00a0 observando o disposto na Resolu\u00e7\u00e3o CEPE 473 de 12\/12\/2018 e IN-PRG n\u00ba 11\/2019. Para isso, os discentes dever\u00e3o acessar o <a href=\"https:\/\/sig.ufla.br\/modulos\/login\/index.php\" target=\"_blank\" rel=\"noopener\">SIG \u2013 Sistema Integrado de Gest\u00e3o da UFLA<\/a> , para escolha dos\u00a0 componentes curriculares a serem cursados no semestre letivo vigente, de acordo com as datas estabelecidas para a matr\u00edcula dos estudantes veteranos, constantes no <a href=\"https:\/\/prograd.ufla.br\/calendario-cronograma\" target=\"_blank\" rel=\"noopener\">Cronograma Acad\u00eamico<\/a>.<\/p>\n<p>&nbsp;<\/p>\n<!-- AddThis Advanced Settings generic via filter on the_content --><!-- AddThis Share Buttons generic via filter on the_content -->","protected":false},"excerpt":{"rendered":"<p>Para ingresso na UFLA, o candidato convocado deve ir ao site da Diretoria de Registro e Controle Acad\u00eamico (DRCA) e, no menu \u201cCalouros\u201d, ler atentamente o documento de Instru\u00e7\u00e3o de Matr\u00edcula referente ao seu caso (SiSU ou PAS; Ampla Concorr\u00eancia<!-- AddThis Advanced Settings generic via filter on get_the_excerpt --><!-- AddThis Share Buttons generic via filter on get_the_excerpt --><\/p>\n","protected":false},"author":2,"featured_media":0,"parent":14,"menu_order":0,"comment_status":"closed","ping_status":"closed","template":"","meta":{"footnotes":""},"class_list":["post-42","page","type-page","status-publish","hentry"],"_links":{"self":[{"href":"https:\/\/ufla.br\/calouros\/wp-json\/wp\/v2\/pages\/42","targetHints":{"allow":["GET"]}}],"collection":[{"href":"https:\/\/ufla.br\/calouros\/wp-json\/wp\/v2\/pages"}],"about":[{"href":"https:\/\/ufla.br\/calouros\/wp-json\/wp\/v2\/types\/page"}],"author":[{"embeddable":true,"href":"https:\/\/ufla.br\/calouros\/wp-json\/wp\/v2\/users\/2"}],"replies":[{"embeddable":true,"href":"https:\/\/ufla.br\/calouros\/wp-json\/wp\/v2\/comments?post=42"}],"version-history":[{"count":16,"href":"https:\/\/ufla.br\/calouros\/wp-json\/wp\/v2\/pages\/42\/revisions"}],"predecessor-version":[{"id":1729,"href":"https:\/\/ufla.br\/calouros\/wp-json\/wp\/v2\/pages\/42\/revisions\/1729"}],"up":[{"embeddable":true,"href":"https:\/\/ufla.br\/calouros\/wp-json\/wp\/v2\/pages\/14"}],"wp:attachment":[{"href":"https:\/\/ufla.br\/calouros\/wp-json\/wp\/v2\/media?parent=42"}],"curies":[{"name":"wp","href":"https:\/\/api.w.org\/{rel}","templated":true}]}}