{"id":44,"date":"2014-07-23T17:38:51","date_gmt":"2014-07-23T17:38:51","guid":{"rendered":"http:\/\/ufla.br\/calouros\/?page_id=44"},"modified":"2020-09-10T08:46:33","modified_gmt":"2020-09-10T11:46:33","slug":"documento-de-identificacao","status":"publish","type":"page","link":"https:\/\/ufla.br\/calouros\/vivendo-na-ufla\/coisas-essenciais\/documento-de-identificacao\/","title":{"rendered":"Cart\u00e3o de identifica\u00e7\u00e3o"},"content":{"rendered":"<p>O cart\u00e3o \u00e9 essencial para usufruir de servi\u00e7os b\u00e1sicos: somente com ele o estudante poder\u00e1 fazer refei\u00e7\u00f5es no Restaurante Universit\u00e1rio e empr\u00e9stimos na Biblioteca. \u00c9 um cart\u00e3o pl\u00e1stico, que cont\u00e9m o nome, n\u00famero de matr\u00edcula, CPF, foto e um c\u00f3digo de barras, para uso pessoal do estudante.<\/p>\n<p>Quem confecciona o cart\u00e3o \u00e9 a Diretoria de Gest\u00e3o de Tecnologia da Informa\u00e7\u00e3o (<a href=\"http:\/\/www.dgti.ufla.br\">DGTI<\/a>). No come\u00e7o de cada semestre letivo, a DGTI estabelece datas, locais e hor\u00e1rios para que os estudantes fa\u00e7am as fotos e v\u00e3o buscar o cart\u00e3o. Fique atento! A\u00a0<strong>Pr\u00f3-Reitoria de Gradua\u00e7\u00e3o<\/strong> divulga, junto com a programa\u00e7\u00e3o de recep\u00e7\u00e3o, as datas para tirar a foto e retirar o cart\u00e3o.<\/p>\n<p><strong>Data, local e hor\u00e1rio para tirar foto<\/strong><\/p>\n<p>Neste\u00a0semestre (2015\/2), as fotos ser\u00e3o produzidas nos dias 21 e 22 de outubro, no Pavilh\u00e3o de Aulas 6 (ao lado da DADP), sala 14. \u00a0O calouro deve ir em um dos seguintes hor\u00e1rios: 9 \u00e0s 11 horas, 14h30 \u00e0s 17 horas e 19 \u00e0s 21 horas.<\/p>\n<p><strong>E se\u00a0ocorrer a perda do cart\u00e3o?<\/strong><\/p>\n<p>A\u00ed, tem que entrar em contato com a DGTI para fazer a segunda via. H\u00e1 uma taxa a ser paga, neste caso.<\/p>\n<!-- AddThis Advanced Settings generic via filter on the_content --><!-- AddThis Share Buttons generic via filter on the_content -->","protected":false},"excerpt":{"rendered":"<p>O cart\u00e3o \u00e9 essencial para usufruir de servi\u00e7os b\u00e1sicos: somente com ele o estudante poder\u00e1 fazer refei\u00e7\u00f5es no Restaurante Universit\u00e1rio e empr\u00e9stimos na Biblioteca. \u00c9 um cart\u00e3o pl\u00e1stico, que cont\u00e9m o nome, n\u00famero de matr\u00edcula, CPF, foto e um c\u00f3digo<!-- AddThis Advanced Settings generic via filter on get_the_excerpt --><!-- AddThis Share Buttons generic via filter on get_the_excerpt --><\/p>\n","protected":false},"author":2,"featured_media":0,"parent":413,"menu_order":0,"comment_status":"closed","ping_status":"closed","template":"","meta":{"footnotes":""},"class_list":["post-44","page","type-page","status-publish","hentry"],"_links":{"self":[{"href":"https:\/\/ufla.br\/calouros\/wp-json\/wp\/v2\/pages\/44","targetHints":{"allow":["GET"]}}],"collection":[{"href":"https:\/\/ufla.br\/calouros\/wp-json\/wp\/v2\/pages"}],"about":[{"href":"https:\/\/ufla.br\/calouros\/wp-json\/wp\/v2\/types\/page"}],"author":[{"embeddable":true,"href":"https:\/\/ufla.br\/calouros\/wp-json\/wp\/v2\/users\/2"}],"replies":[{"embeddable":true,"href":"https:\/\/ufla.br\/calouros\/wp-json\/wp\/v2\/comments?post=44"}],"version-history":[{"count":8,"href":"https:\/\/ufla.br\/calouros\/wp-json\/wp\/v2\/pages\/44\/revisions"}],"predecessor-version":[{"id":1672,"href":"https:\/\/ufla.br\/calouros\/wp-json\/wp\/v2\/pages\/44\/revisions\/1672"}],"up":[{"embeddable":true,"href":"https:\/\/ufla.br\/calouros\/wp-json\/wp\/v2\/pages\/413"}],"wp:attachment":[{"href":"https:\/\/ufla.br\/calouros\/wp-json\/wp\/v2\/media?parent=44"}],"curies":[{"name":"wp","href":"https:\/\/api.w.org\/{rel}","templated":true}]}}