{"id":516,"date":"2014-08-17T19:29:22","date_gmt":"2014-08-17T19:29:22","guid":{"rendered":"http:\/\/ufla.br\/calouros\/?page_id=516"},"modified":"2016-04-05T15:17:51","modified_gmt":"2016-04-05T15:17:51","slug":"dicas-de-seguranca","status":"publish","type":"page","link":"https:\/\/ufla.br\/calouros\/vivendo-na-ufla\/dicas-de-seguranca\/","title":{"rendered":"Dicas de Seguran\u00e7a no c\u00e2mpus"},"content":{"rendered":"<h4>Seguran\u00e7a no Campus: fa\u00e7a a sua parte, colabore!<\/h4>\n<hr \/>\n<p style=\"text-align: right;\"><a title=\"Coordenadoria de Vigil\u00e2ncia Patrimonial\" href=\"http:\/\/www.vigilancia.ufla.br\" target=\"_blank\">Coordenadoria de Vigil\u00e2ncia Patrimonial<\/a><\/p>\n<hr \/>\n<div class=\"su-tabs su-tabs-style-default su-tabs-mobile-stack my-custom-tabs\" data-active=\"1\" data-scroll-offset=\"0\" data-anchor-in-url=\"no\"><div class=\"su-tabs-nav\"><span class=\"\" data-url=\"\" data-target=\"blank\" tabindex=\"0\" role=\"button\"><strong>No c\u00e2mpus<\/strong><\/span><span class=\"\" data-url=\"\" data-target=\"blank\" tabindex=\"0\" role=\"button\"><strong>Nas Cantinas<\/strong><\/span><span class=\"\" data-url=\"\" data-target=\"blank\" tabindex=\"0\" role=\"button\"><strong>No carro<\/strong><\/span><span class=\"\" data-url=\"\" data-target=\"blank\" tabindex=\"0\" role=\"button\"><strong>Na sala de aula<\/strong><\/span><\/div><div class=\"su-tabs-panes\"><div class=\"su-tabs-pane su-u-clearfix su-u-trim\" data-title=\"&lt;strong&gt;No c\u00e2mpus&lt;\/strong&gt;\">\n<div class=\"su-list\" style=\"margin-left:0px\">\n<ul>\n<li><i class=\"sui sui-hand-o-right\" style=\"color:#333\"><\/i> Procure andar em grupo, principalmente \u00e0 noite;<\/li>\n<li><i class=\"sui sui-hand-o-right\" style=\"color:#333\"><\/i> Sempre que poss\u00edvel, evite seguir uma rotina;<\/li>\n<li><i class=\"sui sui-hand-o-right\" style=\"color:#333\"><\/i> Evite lugares ermos ou mal iluminados;<\/li>\n<li><i class=\"sui sui-hand-o-right\" style=\"color:#333\"><\/i> Evite estacionar em locais com pouca visibilidade e luminosidade;<\/li>\n<li><i class=\"sui sui-hand-o-right\" style=\"color:#333\"><\/i> Caso ocorra a\u00a0perda de documentos, fa\u00e7a um Boletim de Ocorr\u00eancias Policial.<\/li>\n<li><i class=\"sui sui-hand-o-right\" style=\"color:#333\"><\/i> Se for surpreendido (a) por algum meliante, n\u00e3o reaja;<\/li>\n<li><i class=\"sui sui-hand-o-right\" style=\"color:#333\"><\/i> Constatando a presen\u00e7a de suspeito, comunique-se imediatamente com a Coordenadoria de Vigil\u00e2ncia.<\/li>\n<li><i class=\"sui sui-hand-o-right\" style=\"color:#333\"><\/i> Caso presencie algum incidente de tr\u00e2nsito, anote a placa do autor (es) e informe \u00e0 Coordenadoria de Vigil\u00e2ncia;<\/li>\n<li><i class=\"sui sui-hand-o-right\" style=\"color:#333\"><\/i> N\u00e3o \u00e9 autorizada a comercializa\u00e7\u00e3o no campus de produtos como revistas, roupas, equipamento etc&#8230;, salvo exce\u00e7\u00f5es. Caso presencie, entre em contato com a Coordenadoria de Vigil\u00e2ncia que far\u00e1 a averigua\u00e7\u00e3o.<\/li>\n<li><i class=\"sui sui-hand-o-right\" style=\"color:#333\"><\/i> D\u00ea ci\u00eancia \u00e0 Coordenadoria de Vigil\u00e2ncia sobre qualquer incidente no interior do campus;<\/li>\n<li><i class=\"sui sui-hand-o-right\" style=\"color:#333\"><\/i> Acione a Coordenadoria de Vigil\u00e2ncia sempre que necess\u00e1rio. Uma informa\u00e7\u00e3o por mais que pare\u00e7a sem efeito, pode colaborar para com a seguran\u00e7a de todos.<\/li>\n<\/ul>\n<\/div>\n<\/div>\n<div class=\"su-tabs-pane su-u-clearfix su-u-trim\" data-title=\"&lt;strong&gt;Nas Cantinas&lt;\/strong&gt;\">\n<div class=\"su-list\" style=\"margin-left:0px\">\n<p><strong>Nas Cantinas e Centrais de c\u00f3pias<\/strong><\/p>\n<ul>\n<li><i class=\"sui sui-hand-o-right\" style=\"color:#333\"><\/i> N\u00e3o deixe bolsas penduradas em cadeiras;<\/li>\n<li><i class=\"sui sui-hand-o-right\" style=\"color:#333\"><\/i> Estando sozinho (a), n\u00e3o deixe objetos na mesa, banco ou balc\u00e3o quando se afastar;<\/li>\n<li><i class=\"sui sui-hand-o-right\" style=\"color:#333\"><\/i> Mantenha somente o dinheiro m\u00ednimo necess\u00e1rio, pois essa atitude desestimula a\u00e7\u00f5es criminosas;<\/li>\n<\/ul>\n<\/div>\n<\/div>\n<div class=\"su-tabs-pane su-u-clearfix su-u-trim\" data-title=\"&lt;strong&gt;No carro&lt;\/strong&gt;\">\n<div class=\"su-list\" style=\"margin-left:0px\">\n<ul>\n<li><i class=\"sui sui-hand-o-right\" style=\"color:#333\"><\/i> Evite ficar conversando ou namorando dentro do carro depois que parar;<\/li>\n<li><i class=\"sui sui-hand-o-right\" style=\"color:#333\"><\/i> Ao sair do ve\u00edculo, certifique-se de que as portas e vidros est\u00e3o realmente fechados;<\/li>\n<li><i class=\"sui sui-hand-o-right\" style=\"color:#333\"><\/i> N\u00e3o deixe objetos que voc\u00ea esteja transportando sobre os bancos do ve\u00edculo. Isso pode estimular um meliante a arrombar seu carro. Guarde-os no porta-malas.<\/li>\n<li><i class=\"sui sui-hand-o-right\" style=\"color:#333\"><\/i> Nunca deixa as chaves no ve\u00edculo, mesmo que a aus\u00eancia seja por pouco tempo;<\/li>\n<li><i class=\"sui sui-hand-o-right\" style=\"color:#333\"><\/i> Respeite os limites de estacionamento e evite estacionar muito pr\u00f3ximo a outros ve\u00edculos.<\/li>\n<\/ul>\n<\/div>\n<\/div>\n<div class=\"su-tabs-pane su-u-clearfix su-u-trim\" data-title=\"&lt;strong&gt;Na sala de aula&lt;\/strong&gt;\">\n<div class=\"su-list\" style=\"margin-left:0px\">\n<p>_ Mantenha as cortinas ou persianas fechadas ap\u00f3s o expediente;<\/p>\n<ul>\n<li><i class=\"sui sui-hand-o-right\" style=\"color:#333\"><\/i> Ao t\u00e9rmino do expediente revise portas, janelas e apague as luzes;<\/li>\n<li><i class=\"sui sui-hand-o-right\" style=\"color:#333\"><\/i> Sempre que um patrim\u00f4nio p\u00fablico tiver de ser transportado, deve-se expedir uma guia de autoriza\u00e7\u00e3o;<\/li>\n<li><i class=\"sui sui-hand-o-right\" style=\"color:#333\"><\/i> Constatando arrombamento, n\u00e3o entre, nem permita a entrada de outras pessoas no local e comunique-se imediatamente com a Coordenadoria de Vigil\u00e2ncia;<\/li>\n<li><i class=\"sui sui-hand-o-right\" style=\"color:#333\"><\/i> N\u00e3o deixe documentos importantes nem objetos de uso pessoais vis\u00edveis nem acess\u00edveis a terceiros;<\/li>\n<li><i class=\"sui sui-hand-o-right\" style=\"color:#333\"><\/i> N\u00e3o permita o acesso p\u00fablico \u00e0s \u00e1reas de atendimento interno;<\/li>\n<li><i class=\"sui sui-hand-o-right\" style=\"color:#333\"><\/i> Seja discreto ao tratar de assuntos de servi\u00e7o, principalmente fora do ambiente de trabalho;<\/li>\n<li><i class=\"sui sui-hand-o-right\" style=\"color:#333\"><\/i> Mantenha o n\u00famero de telefone da Coordenadoria de Vigil\u00e2ncia em local de f\u00e1cil acesso, para a eventualidade de uma ocorr\u00eancia;<\/li>\n<\/ul>\n<\/div>\n<\/div><\/div><\/div>\n<!-- AddThis Advanced Settings generic via filter on the_content --><!-- AddThis Share Buttons generic via filter on the_content -->","protected":false},"excerpt":{"rendered":"<p>Seguran\u00e7a no Campus: fa\u00e7a a sua parte, colabore! Coordenadoria de Vigil\u00e2ncia Patrimonial<!-- AddThis Advanced Settings generic via filter on get_the_excerpt --><!-- AddThis Share Buttons generic via filter on get_the_excerpt --><\/p>\n","protected":false},"author":2,"featured_media":0,"parent":14,"menu_order":0,"comment_status":"open","ping_status":"closed","template":"","meta":{"footnotes":""},"class_list":["post-516","page","type-page","status-publish","hentry"],"_links":{"self":[{"href":"https:\/\/ufla.br\/calouros\/wp-json\/wp\/v2\/pages\/516","targetHints":{"allow":["GET"]}}],"collection":[{"href":"https:\/\/ufla.br\/calouros\/wp-json\/wp\/v2\/pages"}],"about":[{"href":"https:\/\/ufla.br\/calouros\/wp-json\/wp\/v2\/types\/page"}],"author":[{"embeddable":true,"href":"https:\/\/ufla.br\/calouros\/wp-json\/wp\/v2\/users\/2"}],"replies":[{"embeddable":true,"href":"https:\/\/ufla.br\/calouros\/wp-json\/wp\/v2\/comments?post=516"}],"version-history":[{"count":11,"href":"https:\/\/ufla.br\/calouros\/wp-json\/wp\/v2\/pages\/516\/revisions"}],"predecessor-version":[{"id":553,"href":"https:\/\/ufla.br\/calouros\/wp-json\/wp\/v2\/pages\/516\/revisions\/553"}],"up":[{"embeddable":true,"href":"https:\/\/ufla.br\/calouros\/wp-json\/wp\/v2\/pages\/14"}],"wp:attachment":[{"href":"https:\/\/ufla.br\/calouros\/wp-json\/wp\/v2\/media?parent=516"}],"curies":[{"name":"wp","href":"https:\/\/api.w.org\/{rel}","templated":true}]}}