{"id":621,"date":"2015-01-14T17:10:57","date_gmt":"2015-01-14T17:10:57","guid":{"rendered":"http:\/\/ufla.br\/calouros\/?page_id=621"},"modified":"2020-09-10T09:55:57","modified_gmt":"2020-09-10T12:55:57","slug":"sisu","status":"publish","type":"page","link":"https:\/\/ufla.br\/calouros\/sisu\/","title":{"rendered":"SiSU"},"content":{"rendered":"<h2><span style=\"color: #99cc00;\">Conhe\u00e7a um pouco da UFLA e fa\u00e7a sua escolha<\/span><\/h2>\n<div class=\"su-row\">\n<div class=\"su-column su-column-size-1-3\"><div class=\"su-column-inner su-u-clearfix su-u-trim\">\n<p>Pelo quinto ano consecutivo a Universidade Federal de Lavras (UFLA) ocupa o <strong>primeiro lugar de Minas Gerais no \u00cdndice Geral de Cursos (IGC\/Inep\/MEC).<\/strong> No panorama nacional, \u00e9 a <strong>terceira mais bem conceituada<\/strong>. A institui\u00e7\u00e3o, que completou 106 anos hist\u00f3ria em 2014, passa por um momento de expans\u00e3o, com a constru\u00e7\u00e3o de novas estruturas f\u00edsicas (cerca de 20 obras est\u00e3o em andamento atualmente)\u00a0<\/div><\/div>\n<div class=\"su-column su-column-size-1-3\"><div class=\"su-column-inner su-u-clearfix su-u-trim\">\n<p>e a abertura de novos cursos.<\/p>\n<p>O c\u00e2mpus tem 600 hectares de \u00e1rea, por onde circula diariamente uma popula\u00e7\u00e3o universit\u00e1ria estimada em 14 mil pessoas, considerando-se estudantes de gradua\u00e7\u00e3o e p\u00f3s-gradua\u00e7\u00e3o e servidores. Pioneira na \u00e1rea de ci\u00eancias agr\u00e1rias, a UFLA destacou-se na hist\u00f3ria com o desenvolvimento de novas<\/div><\/div>\n<div class=\"su-column su-column-size-1-3\"><div class=\"su-column-inner su-u-clearfix su-u-trim\">\n<p>cultivares e maquin\u00e1rios agr\u00edcolas, assim como na inova\u00e7\u00e3o do servi\u00e7o de extens\u00e3o. Na atualidade, amplia seu \u00e2mbito de atua\u00e7\u00e3o, investindo em <strong>cursos de diversas \u00e1reas do conhecimento, como as ci\u00eancias exatas, humanas, da sa\u00fade e sociais aplicadas.<\/strong><\/p>\n<p><strong>Confira um pouco do que a UFLA oferece a seus estudantes:<\/strong><\/p>\n<\/div><\/div>\n<\/div>\n<hr \/>\n<div class=\"su-row\">\n<div class=\"su-column su-column-size-1-2\"><div class=\"su-column-inner su-u-clearfix su-u-trim\">\n<div class=\"su-spoiler su-spoiler-style-fancy su-spoiler-icon-plus su-spoiler-closed\" data-scroll-offset=\"0\" data-anchor-in-url=\"no\"><div class=\"su-spoiler-title\" tabindex=\"0\" role=\"button\"><span class=\"su-spoiler-icon\"><\/span>Moradia Estudantil<\/div><div class=\"su-spoiler-content su-u-clearfix su-u-trim\">\n<p><a href=\"http:\/\/ufla.br\/calouros\/wp-content\/uploads\/2015\/01\/moradia-estudantil.jpg\"><img loading=\"lazy\" decoding=\"async\" class=\"alignnone size-large wp-image-649\" src=\"http:\/\/ufla.br\/calouros\/wp-content\/uploads\/2015\/01\/moradia-estudantil-1024x310.jpg\" alt=\"moradia-estudantil\" width=\"720\" height=\"218\" srcset=\"https:\/\/ufla.br\/calouros\/wp-content\/uploads\/2015\/01\/moradia-estudantil-1024x310.jpg 1024w, https:\/\/ufla.br\/calouros\/wp-content\/uploads\/2015\/01\/moradia-estudantil-300x91.jpg 300w, https:\/\/ufla.br\/calouros\/wp-content\/uploads\/2015\/01\/moradia-estudantil.jpg 1044w\" sizes=\"auto, (max-width: 720px) 100vw, 720px\" \/><\/a><\/p>\n<p>A <a href=\"http:\/\/www.praec.ufla.br\/site\/?page_id=17\" target=\"_blank\" rel=\"noopener\">Moradia Estudantil<\/a> existente no c\u00e2mpus tem capacidade para atender, atualmente, a 400 estudantes. Est\u00e1 em constru\u00e7\u00e3o novo pr\u00e9dio, com mais 15 apartamentos, que poder\u00e1 beneficiar mais 120 estudantes. Podem se candidatar a uma vaga nos alojamentos da Universidade os estudantes classificados em situa\u00e7\u00e3o de vulnerabilidade socioecon\u00f4mica. A <a href=\"http:\/\/www.praec.ufla.br\/site\/coordenadorias\/programas-sociais\/programa-de-avaliacao-socioeconomica-de-estudantes-de-graduacao-e-pos-graduacao-de-cursos-presenciais\/\" target=\"_blank\" rel=\"noopener\">avalia\u00e7\u00e3o socioecon\u00f4mica<\/a> \u00e9 feita pela Coordenadoria de Programas Sociais da <a href=\"http:\/\/www.praec.ufla.br\/site\/coordenadorias\/programas-sociais\/programa-de-avaliacao-socioeconomica-de-estudantes-de-graduacao-e-pos-graduacao-de-cursos-presenciais\/\" target=\"_blank\" rel=\"noopener\">Pr\u00f3-Reitoria de Assuntos Estudantis e Comunit\u00e1rios<\/a> (<a href=\"http:\/\/www.praec.ufla.br\/site\/\">Praec<\/a>).<\/p>\n<\/div><\/div>\n<div class=\"su-spoiler su-spoiler-style-fancy su-spoiler-icon-plus su-spoiler-closed\" data-scroll-offset=\"0\" data-anchor-in-url=\"no\"><div class=\"su-spoiler-title\" tabindex=\"0\" role=\"button\"><span class=\"su-spoiler-icon\"><\/span>Centro de Integra\u00e7\u00e3o Universit\u00e1ria<\/div><div class=\"su-spoiler-content su-u-clearfix su-u-trim\">\n<p><a href=\"http:\/\/ufla.br\/calouros\/wp-content\/uploads\/2015\/01\/ciuni.jpg\"><img loading=\"lazy\" decoding=\"async\" class=\"alignnone size-full wp-image-651\" src=\"http:\/\/ufla.br\/calouros\/wp-content\/uploads\/2015\/01\/ciuni.jpg\" alt=\"ciuni\" width=\"993\" height=\"433\" srcset=\"https:\/\/ufla.br\/calouros\/wp-content\/uploads\/2015\/01\/ciuni.jpg 993w, https:\/\/ufla.br\/calouros\/wp-content\/uploads\/2015\/01\/ciuni-300x131.jpg 300w\" sizes=\"auto, (max-width: 993px) 100vw, 993px\" \/><\/a><\/p>\n<p>O Ciuni \u00e9 um espa\u00e7o localizado dentro do c\u00e2mpus destinado \u00e0 pr\u00e1tica esportiva e de lazer pela comunidade universit\u00e1ria, onde tamb\u00e9m se realizam eventos sociais, culturais e esportivos, de interesse institucional. No local, h\u00e1 uma piscina semi-ol\u00edmpica, quadra de voleibol de areia, campo de futebol, quadra de peteca, quadra poliesportiva e sal\u00e3o para realiza\u00e7\u00e3o de eventos. Para outras <a href=\"http:\/\/www.praec.ufla.br\/site\/coordenadorias\/esporte-e-lazer\/info\/\" target=\"_blank\" rel=\"noopener\">informa\u00e7\u00f5es sobre o Ciuni<\/a>.<\/p>\n<\/div><\/div>\n<div class=\"su-spoiler su-spoiler-style-fancy su-spoiler-icon-plus su-spoiler-closed\" data-scroll-offset=\"0\" data-anchor-in-url=\"no\"><div class=\"su-spoiler-title\" tabindex=\"0\" role=\"button\"><span class=\"su-spoiler-icon\"><\/span>Transporte Interno: 'Mamute' e 'Elefantinho'<\/div><div class=\"su-spoiler-content su-u-clearfix su-u-trim\">\n<p><a href=\"http:\/\/ufla.br\/calouros\/wp-content\/uploads\/2015\/01\/mamute.jpg\"><img loading=\"lazy\" decoding=\"async\" class=\"alignnone size-full wp-image-652\" src=\"http:\/\/ufla.br\/calouros\/wp-content\/uploads\/2015\/01\/mamute.jpg\" alt=\"mamute\" width=\"819\" height=\"359\" srcset=\"https:\/\/ufla.br\/calouros\/wp-content\/uploads\/2015\/01\/mamute.jpg 819w, https:\/\/ufla.br\/calouros\/wp-content\/uploads\/2015\/01\/mamute-300x132.jpg 300w\" sizes=\"auto, (max-width: 819px) 100vw, 819px\" \/><\/a><\/p>\n<p>A UFLA \u00e9 pioneira no oferecimento de transporte interno para a comunidade acad\u00eamica. Dois \u00f4nibus circulam, alternadamente, no c\u00e2mpus em dias letivos. O ve\u00edculo articulado \u00e9 utilizado em hor\u00e1rios de maior movimento.<a href=\"https:\/\/prograd.ufla.br\/horarios-de-onibus\" target=\"_blank\" rel=\"noopener\"> Informa\u00e7\u00f5es sobre hor\u00e1rios do ve\u00edculo articulado<\/a>.<\/p>\n<p>Eles levam estudantes e servidores da Portaria Principal ao c\u00e2mpus novo. O servi\u00e7o \u00e9 gratuito.<\/p>\n<\/div><\/div>\n<div class=\"su-spoiler su-spoiler-style-fancy su-spoiler-icon-plus su-spoiler-closed\" data-scroll-offset=\"0\" data-anchor-in-url=\"no\"><div class=\"su-spoiler-title\" tabindex=\"0\" role=\"button\"><span class=\"su-spoiler-icon\"><\/span>Museus<\/div><div class=\"su-spoiler-content su-u-clearfix su-u-trim\">\n<p><a href=\"http:\/\/ufla.br\/calouros\/wp-content\/uploads\/2015\/01\/bi-moreira.jpg\"><img loading=\"lazy\" decoding=\"async\" class=\"alignnone size-large wp-image-653\" src=\"http:\/\/ufla.br\/calouros\/wp-content\/uploads\/2015\/01\/bi-moreira-1024x481.jpg\" alt=\"bi-moreira\" width=\"720\" height=\"338\" srcset=\"https:\/\/ufla.br\/calouros\/wp-content\/uploads\/2015\/01\/bi-moreira-1024x481.jpg 1024w, https:\/\/ufla.br\/calouros\/wp-content\/uploads\/2015\/01\/bi-moreira-300x141.jpg 300w, https:\/\/ufla.br\/calouros\/wp-content\/uploads\/2015\/01\/bi-moreira.jpg 1098w\" sizes=\"auto, (max-width: 720px) 100vw, 720px\" \/><\/a><\/p>\n<p>No c\u00e2mpus hist\u00f3rico da UFLA est\u00e3o o Museu Bi Moreira e o Museu de Hist\u00f3ria Natural. Inaugurado em 1983, o Bi Moreira tem um acervo com mais de 5 mil pe\u00e7as que registram a hist\u00f3ria de Lavras e regi\u00e3o.<\/p>\n<p>J\u00e1 o <a href=\"http:\/\/proec.ufla.br\/campus-historico-e-museus\">Museu de Hist\u00f3ria Natural<\/a> conta com um acervo de esp\u00e9cies conservadas e um \u201cmuseu vivo\u201d, com animais da fauna local.<\/p>\n<\/div><\/div>\n<div class=\"su-spoiler su-spoiler-style-fancy su-spoiler-icon-plus su-spoiler-closed\" data-scroll-offset=\"0\" data-anchor-in-url=\"no\"><div class=\"su-spoiler-title\" tabindex=\"0\" role=\"button\"><span class=\"su-spoiler-icon\"><\/span>Servi\u00e7os de Sa\u00fade na UFLA<\/div><div class=\"su-spoiler-content su-u-clearfix su-u-trim\">\n<p><a href=\"http:\/\/ufla.br\/calouros\/wp-content\/uploads\/2015\/01\/saude.jpg\"><img loading=\"lazy\" decoding=\"async\" class=\"alignnone size-full wp-image-655\" src=\"http:\/\/ufla.br\/calouros\/wp-content\/uploads\/2015\/01\/saude.jpg\" alt=\"saude\" width=\"565\" height=\"269\" srcset=\"https:\/\/ufla.br\/calouros\/wp-content\/uploads\/2015\/01\/saude.jpg 565w, https:\/\/ufla.br\/calouros\/wp-content\/uploads\/2015\/01\/saude-300x143.jpg 300w\" sizes=\"auto, (max-width: 565px) 100vw, 565px\" \/><\/a><\/p>\n<p>A\u00a0<a href=\"http:\/\/www.praec.ufla.br\/site\/coordenadorias\/saude\/info\/\" target=\"_blank\" rel=\"noopener\">Coordenadoria de Sa\u00fade<\/a>, ligada \u00e0 Pr\u00f3-Reitoria de Assuntos Estudantis e Comunit\u00e1rios (Praec), presta assist\u00eancia \u00e0 Comunidade Universit\u00e1ria, por meio de consultas m\u00e9dicas, odontol\u00f3gicas e nutricionais. Fazem parte dessa Coordenadoria: o Ambulat\u00f3rio (ao lado do Restaurante Universit\u00e1rio), a Cl\u00ednica Odontol\u00f3gica (no c\u00e2mpus hist\u00f3rico) e a Farm\u00e1cia Privativa, que d\u00e1 suporte aos atendimentos feitos pelos servi\u00e7os da Coordenadoria de Sa\u00fade<\/p>\n<p>Atendimentos psicol\u00f3gicos s\u00e3o oferecidos pela <a href=\"http:\/\/www.praec.ufla.br\/site\/coordenadorias\/programas-sociais\/info\/\" target=\"_blank\" rel=\"noopener\">Coordenadoria de Programas Sociais<\/a>.<\/p>\n<p>Para maior comodidade da comunidade universit\u00e1ria, foi instalado no c\u00e2mpus em 2013 um laborat\u00f3rio de an\u00e1lises cl\u00ednicas. Estudantes classificados pela Praec em situa\u00e7\u00e3o de vulnerabilidade socioecon\u00f4mica t\u00eam atendimento gratuito no local.<\/p>\n<\/div><\/div>\n<div class=\"su-spoiler su-spoiler-style-fancy su-spoiler-icon-plus su-spoiler-closed\" data-scroll-offset=\"0\" data-anchor-in-url=\"no\"><div class=\"su-spoiler-title\" tabindex=\"0\" role=\"button\"><span class=\"su-spoiler-icon\"><\/span>Restaurante Universit\u00e1rio<\/div><div class=\"su-spoiler-content su-u-clearfix su-u-trim\">\n<p>O Restaurante Universit\u00e1rio (RU)\u00a0atende a toda comunidade universit\u00e1ria e aos visitantes, durante o calend\u00e1rio letivo. Serve almo\u00e7o e jantar, sendo o valor da refei\u00e7\u00e3o vari\u00e1vel:<\/p>\n<ul>\n<li>Estudantes em situa\u00e7\u00e3o de vulnerabilidade socioecon\u00f4mica:<\/li>\n<li>Demais estudantes de gradua\u00e7\u00e3o e p\u00f3s-gradua\u00e7\u00e3o de cursos presenciais:<\/li>\n<li>Servidores T\u00e9cnico-Administrativos, docentes,\u00a0terceirizados e pesquisador:<\/li>\n<li>Visitantes participantes de eventos apoiados pela UFLA:<\/li>\n<li>Visitantes em geral:<\/li>\n<\/ul>\n<p>&nbsp;<\/p>\n<p><a href=\"http:\/\/ufla.br\/calouros\/vivendo-na-ufla\/situe-se-no-campus\/restaurante-universitario\/\" target=\"_blank\" rel=\"noopener\">Saiba mais sobre o Restaurante Universit\u00e1rio aqui.<\/a><\/p>\n<\/div><\/div>\n<\/div><\/div>\n<div class=\"su-column su-column-size-1-2\"><div class=\"su-column-inner su-u-clearfix su-u-trim\">\n<div class=\"su-spoiler su-spoiler-style-fancy su-spoiler-icon-plus su-spoiler-closed\" data-scroll-offset=\"0\" data-anchor-in-url=\"no\"><div class=\"su-spoiler-title\" tabindex=\"0\" role=\"button\"><span class=\"su-spoiler-icon\"><\/span>Aluno Seguro<\/div><div class=\"su-spoiler-content su-u-clearfix su-u-trim\">\n<p><a href=\"http:\/\/www.praec.ufla.br\/site\/coordenadoriassaudeseguro\/\" target=\"_blank\" rel=\"noopener\">O estudante da UFLA tamb\u00e9m tem direito a seguro contra acidentes pessoais e em caso de falecimento<\/a>. Os cart\u00f5es s\u00e3o entregues pela Coordenadoria de Sa\u00fade (para graduandos) e pela Pr\u00f3-Reitoria de P\u00f3s-Gradua\u00e7\u00e3o (para p\u00f3s-graduandos).<\/p>\n<\/div><\/div>\n<div class=\"su-spoiler su-spoiler-style-fancy su-spoiler-icon-plus su-spoiler-closed\" data-scroll-offset=\"0\" data-anchor-in-url=\"no\"><div class=\"su-spoiler-title\" tabindex=\"0\" role=\"button\"><span class=\"su-spoiler-icon\"><\/span>Programa Institucional de Bolsas<\/div><div class=\"su-spoiler-content su-u-clearfix su-u-trim\">\n<p>A UFLA mant\u00e9m o <a href=\"http:\/\/www.praec.ufla.br\/site\/coordenadorias\/programas-sociais\/programa-de-bolsa-atividade-para-estudantes-de-graduacao\/\">Programa de Bolsas Institucionais<\/a>. \u00c9 concedido um subs\u00eddio mensal, com recursos or\u00e7ament\u00e1rios da Institui\u00e7\u00e3o, ao estudante que, sob orienta\u00e7\u00e3o de servidor qualificado da UFLA , atue em atividades de pesquisa, extens\u00e3o, cultura, ensino e desenvolvimento institucional, cient\u00edfico e tecnol\u00f3gico. Editais espec\u00edficos regulamentam esses processos. Em 2014, a m\u00e9dia mensal de bolsas concedidas esteve perto de 1.500.<\/p>\n<\/div><\/div>\n<div class=\"su-spoiler su-spoiler-style-fancy su-spoiler-icon-plus su-spoiler-closed\" data-scroll-offset=\"0\" data-anchor-in-url=\"no\"><div class=\"su-spoiler-title\" tabindex=\"0\" role=\"button\"><span class=\"su-spoiler-icon\"><\/span>Programa de concess\u00e3o de bolsas de aux\u00edlio-creche para estudantes de gradua\u00e7\u00e3o<\/div><div class=\"su-spoiler-content su-u-clearfix su-u-trim\">\n<p>O <a href=\"http:\/\/www.praec.ufla.br\/site\/coordenadorias\/programas-sociais\/programa-de-concessao-de-descontos-para-alunos-da-associacao-de-usuarios-do-nucleo-de-desenvolvimento-educacional-%E2%80%93-aunde-ensino-infantil-fundamental-e-medio\/\" target=\"_blank\" rel=\"noopener\">Programa de Aux\u00edlio-creche<\/a> visa garantir o desenvolvimento acad\u00eamico pleno do estudante de gradua\u00e7\u00e3o de cursos presenciais. \u00c9 concedido um subs\u00eddio para contrata\u00e7\u00e3o, pelo estudante, de servi\u00e7os de creches (no caso de ter filhos, sob sua guarda, entre tr\u00eas meses e seis anos incompletos de idade).<\/p>\n<p>O programa busca contribuir para a manuten\u00e7\u00e3o das atividades acad\u00eamicas do graduando, bem como reduzir a evas\u00e3o acad\u00eamica decorrente da maternidade ou paternidade precoce e n\u00e3o programadas. O benef\u00edcio destina-se a estudantes em situa\u00e7\u00e3o de vulnerabilidade socioecon\u00f4mica. Os valores variam conforme avalia\u00e7\u00e3o espec\u00edfica feita pela Praec e a m\u00e9dia de pre\u00e7os praticados no mercado.<\/p>\n<\/div><\/div>\n<div class=\"su-spoiler su-spoiler-style-fancy su-spoiler-icon-plus su-spoiler-closed\" data-scroll-offset=\"0\" data-anchor-in-url=\"no\"><div class=\"su-spoiler-title\" tabindex=\"0\" role=\"button\"><span class=\"su-spoiler-icon\"><\/span>Programa de atendimento psicossocial individual<\/div><div class=\"su-spoiler-content su-u-clearfix su-u-trim\">\n<p>Este Programa atende o indiv\u00edduo em seus problemas imediatos, informando e viabilizando seu acesso aos recursos existentes na institui\u00e7\u00e3o e fora dela; envolve tamb\u00e9m a\u00e7\u00f5es de aconselhamento, informa\u00e7\u00e3o e plant\u00e3o psicol\u00f3gico.<\/p>\n<p><a href=\"http:\/\/www.praec.ufla.br\/site\/coordenadorias\/programas-sociais\/programa-de-atendimento-psicossocial-individual\/\" target=\"_blank\" rel=\"noopener\">Os atendimentos s\u00e3o feitos pela equipe de psic\u00f3logas e assistentes sociais da Praec e s\u00e3o gratuitos<\/a>.<\/p>\n<\/div><\/div>\n<div class=\"su-spoiler su-spoiler-style-fancy su-spoiler-icon-plus su-spoiler-closed\" data-scroll-offset=\"0\" data-anchor-in-url=\"no\"><div class=\"su-spoiler-title\" tabindex=\"0\" role=\"button\"><span class=\"su-spoiler-icon\"><\/span>Incentivos aos esportes<\/div><div class=\"su-spoiler-content su-u-clearfix su-u-trim\">\n<p><a href=\"http:\/\/ufla.br\/calouros\/wp-content\/uploads\/2015\/01\/esportes.jpg\"><img loading=\"lazy\" decoding=\"async\" class=\"alignnone size-full wp-image-654\" src=\"http:\/\/ufla.br\/calouros\/wp-content\/uploads\/2015\/01\/esportes.jpg\" alt=\"esportes\" width=\"558\" height=\"221\" srcset=\"https:\/\/ufla.br\/calouros\/wp-content\/uploads\/2015\/01\/esportes.jpg 558w, https:\/\/ufla.br\/calouros\/wp-content\/uploads\/2015\/01\/esportes-300x119.jpg 300w\" sizes=\"auto, (max-width: 558px) 100vw, 558px\" \/><\/a><\/p>\n<p>O incentivo ao esporte est\u00e1 presente na UFLA, em diferentes frentes.<\/p>\n<p>O Diret\u00f3rio Central dos Estudantes (DCE) oferece projetos para a pr\u00e1tica esportiva de recrea\u00e7\u00e3o, em diversas modalidades.<\/p>\n<p>A <a href=\"http:\/\/www.leufla.ufla.br\/\">Liga Esportiva da UFLA<\/a> (<a href=\"http:\/\/www.leufla.ufla.br\/\">Leufla<\/a>) \u00e9 representada por times formados por alunos de gradua\u00e7\u00e3o e p\u00f3s-gradua\u00e7\u00e3o, com o objetivo de participar das competi\u00e7\u00f5es oficiais do esporte universit\u00e1rio. As seletivas para os times ocorrem em todo in\u00edcio de semestre.<\/p>\n<p>A\u00a0<a href=\"http:\/\/www.praec.ufla.br\/site\/coordenadorias\/esporte-e-lazer\/info\/\" target=\"_blank\" rel=\"noopener\">Coordenadoria de Esporte e Lazer\u00a0<\/a>da Praec \u00e9 respons\u00e1vel pela manuten\u00e7\u00e3o do Ciuni e pelos programas de bolsa monitor esportivo e de aux\u00edlio-alimenta\u00e7\u00e3o para a pr\u00e1tica esportiva.<\/p>\n<\/div><\/div>\n<\/div><\/div>\n<\/div>\n<hr \/>\n<div class=\"su-row\">\n<p>&nbsp;<\/p>\n<div class=\"su-column su-column-size-1-2\"><div class=\"su-column-inner su-u-clearfix su-u-trim\">\n<div class=\"su-button-center\"><a href=\"http:\/\/ufla.br\/calouros\/sisu\/tire-duvidas\/\" class=\"su-button su-button-style-soft su-button-wide\" style=\"color:#FFFFFF;background-color:#3fa836;border-color:#33872c;border-radius:71px\" target=\"_self\"><span style=\"color:#FFFFFF;padding:10px 32px;font-size:23px;line-height:35px;border-color:#79c373;border-radius:71px;text-shadow:none\"><i class=\"sui sui-check\" style=\"font-size:23px;color:#FFFFFF\"><\/i> Tire suas d\u00favidas <\/span><\/a><\/div><\/div><\/div>\n<\/div>\n<!-- AddThis Advanced Settings generic via filter on the_content --><!-- AddThis Share Buttons generic via filter on the_content -->","protected":false},"excerpt":{"rendered":"<p>Conhe\u00e7a um pouco da UFLA e fa\u00e7a sua escolha<!-- AddThis Advanced Settings generic via filter on get_the_excerpt --><!-- AddThis Share Buttons generic via filter on get_the_excerpt --><\/p>\n","protected":false},"author":2,"featured_media":0,"parent":0,"menu_order":0,"comment_status":"closed","ping_status":"closed","template":"","meta":{"footnotes":""},"class_list":["post-621","page","type-page","status-publish","hentry"],"_links":{"self":[{"href":"https:\/\/ufla.br\/calouros\/wp-json\/wp\/v2\/pages\/621","targetHints":{"allow":["GET"]}}],"collection":[{"href":"https:\/\/ufla.br\/calouros\/wp-json\/wp\/v2\/pages"}],"about":[{"href":"https:\/\/ufla.br\/calouros\/wp-json\/wp\/v2\/types\/page"}],"author":[{"embeddable":true,"href":"https:\/\/ufla.br\/calouros\/wp-json\/wp\/v2\/users\/2"}],"replies":[{"embeddable":true,"href":"https:\/\/ufla.br\/calouros\/wp-json\/wp\/v2\/comments?post=621"}],"version-history":[{"count":34,"href":"https:\/\/ufla.br\/calouros\/wp-json\/wp\/v2\/pages\/621\/revisions"}],"predecessor-version":[{"id":1690,"href":"https:\/\/ufla.br\/calouros\/wp-json\/wp\/v2\/pages\/621\/revisions\/1690"}],"wp:attachment":[{"href":"https:\/\/ufla.br\/calouros\/wp-json\/wp\/v2\/media?parent=621"}],"curies":[{"name":"wp","href":"https:\/\/api.w.org\/{rel}","templated":true}]}}